What is -76da7 (base 15) in base 3?
-201012010011
What is -142412333 (base 5) in base 9?
-1358756
-1a650 (base 12) to base 13
-14955
-902083 (base 11) to base 5
-332432322
41c8d7 (base 15) to base 5
1300140002
What is -10002000020 (base 3) in base 13?
-2170b
What is 8b3a (base 15) in base 4?
13031122
Convert 22a46 (base 15) to base 9.
177283
Convert -144343214 (base 5) to base 2.
-10111101111011001110
What is -21555425 (base 6) in base 5?
-131400004
-105a (base 11) to base 14
-71a
What is -e643dc (base 16) in base 9?
-31350431
-1210202010222 (base 3) to base 4
-3222033233
1306523 (base 9) to base 4
2232022230
Convert 754233 (base 8) to base 10.
252059
Convert 8881a (base 13) to base 6.
5145315
-10445451 (base 8) to base 13
-608c7c
What is 129c41 (base 15) in base 12?
371281
-138e3 (base 15) to base 6
-1202323
Convert -2524224 (base 6) to base 9.
-226167
Convert -9bc7 (base 14) to base 13.
-c3c0
-1020222201022 (base 3) to base 16
-a3556
What is 134120 (base 11) in base 4?
303120021
7159 (base 13) to base 7
63355
What is 1143030200 (base 5) in base 4?
22110122122
-112223303 (base 4) to base 14
-25c0b
Convert -6146145 (base 7) to base 9.
-1338420
1213023012 (base 4) to base 13
11a477
-2356750 (base 8) to base 16
-9dde8
What is 214fb (base 16) in base 6?
2531403
Convert -278a1 (base 12) to base 14.
-15db3
-1322937 (base 11) to base 12
-923b4b
Convert 15112c7 (base 15) to base 14.
204aa01
-87433 (base 11) to base 10
-126965
What is 130217 (base 10) in base 9?
217555
What is 15c95a0 (base 14) in base 16?
a35a38
a5430 (base 11) to base 3
21210200020
Convert 24000112 (base 5) to base 10.
218782
-1033031103 (base 4) to base 3
-121111001010
532044 (base 6) to base 15
cc1d
292157 (base 10) to base 14
78685
-101001100000100001010 (base 2) to base 8
-5140412
Convert -817607 (base 9) to base 15.
-98884
82ce3d (base 15) to base 3
102201000011211
What is 15502 (base 8) in base 3?
100120110
Convert 254215 (base 6) to base 4.
11213003
Convert 29863 (base 12) to base 13.
2068b
What is -13767326 (base 9) in base 11?
-3949574
-5ba28 (base 12) to base 7
-1024661
11001000100000111011 (base 2) to base 16
c883b
Convert -2121002202221 (base 3) to base 10.
-1379833
-1312627 (base 10) to base 14
-262511
What is -1130212132 (base 4) in base 7?
-3136546
Convert 55258 (base 14) to base 8.
622676
What is -2212101110 (base 3) in base 4?
-31301133
What is -1101122101 (base 4) in base 16?
-51691
153727 (base 8) to base 14
161cb
Convert -27620 (base 9) to base 15.
-5839
Convert 54210404 (base 7) to base 5.
2140441101
What is -1516051 (base 9) in base 2?
-11001100100000100011
-1011001012201 (base 3) to base 6
-21032544
Convert -113201303300 (base 4) to base 15.
-81c762
-70513 (base 15) to base 14
-937c2
Convert -1112212011 (base 3) to base 8.
-73462
Convert 82aa76 (base 11) to base 12.
543005
b7b48 (base 16) to base 8
2675510
What is 11c2a7 (base 13) in base 11?
271643
What is 1084278 (base 10) in base 16?
108b76
12137786 (base 9) to base 14
b052b1
-201101112120 (base 3) to base 12
-164a50
Convert -1130100 (base 5) to base 15.
-61ba
-2d70f4 (base 16) to base 5
-1230244121
Convert 3765027 (base 9) to base 16.
1f4a8e
What is 11010111000000101 (base 2) in base 9?
177006
-306137 (base 12) to base 11
-477869
100110100011111100 (base 2) to base 16
268fc
Convert 10010011000110111000 (base 2) to base 4.
2103012320
What is 3c0344 (base 15) in base 7?
33351025
-24271 (base 14) to base 11
-60382
Convert 142411 (base 6) to base 7.
54325
129373 (base 10) to base 16
1f95d
Convert 8608223 (base 9) to base 16.
465efd
300463 (base 7) to base 5
3110122
Convert -212002012200 (base 3) to base 9.
-762180
Convert -1231004 (base 5) to base 2.
-101110101000111
What is 540152 (base 7) in base 13?
33878
Convert 250390 (base 10) to base 8.
751026
-114321133 (base 6) to base 4
-20102113101
-3949306 (base 10) to base 15
-530271
What is -46066 (base 16) in base 10?
-286822
Convert -111211113132 (base 4) to base 14.
-a73da6
118101 (base 9) to base 14
1c0cc
Convert -27460 (base 10) to base 7.
-143026
-1000011100101110000 (base 2) to base 8
-1034560
What is 2b7d7 (base 16) in base 9?
301317
What is -14446504 (base 7) in base 10?
-1373278
-532bc (base 16) to base 4
-1103022330
20012001011 (base 3) to base 9
205034
311503 (base 6) to base 13
b50b
Convert -122544 (base 7) to base 9.
-33860
Convert 213664 (base 9) to base 13.
45ca3
Convert 161730 (base 8) to base 10.
58328
-1072155 (base 8) to base 5
-33320244
-2611741 (base 8) to base 12
-2b0169
What is -1341336 (base 8) in base 5?
-44040231
What is -613430 (base 8) in base 12?
-99248
What is 441034 (base 10) in base 14?
b6a26
Convert -630273 (base 8) to base 9.
-347724
8641a1 (base 13) to base 14
5c0370
-100742 (base 9) to base 10
-59654
42112052 (base 7) to base 10
3549401
43460550 (base 8) to base 13
1c1923c
-c4393 (base 13) to base 14
-92495
Convert -1a9159 (base 11) to base 10.
-319625
3b58a (base 13) to base 14
2c54d
What is 3f418 (base 16) in base 4?
333100120
What is -1101130330 (base 4) in base 6?
-11052324
Convert -2001122020212 (base 3) to base 5.
-240021033
What is -6ba290 (base 12) in base 11?
-a883a5
Convert -45261316 (base 8) to base 9.
-20371513
Convert -222313203 (base 4) to base 5.
-21104322
What is 130110303 (base 4) in base 2?
11100010100110011
Convert 142413433 (base 5) to base 14.
156841
What is 12253123 (base 6) in base 2?
1100000101011001011
Convert -1220011220022 (base 3) to base 5.
-224214110
Convert -1137664 (base 9) to base 6.
-21111004
Convert -402421 (base 10) to base 13.
-111226
Convert -5451253 (base 6) to base 5.
-32134220
26587086 (base 9) to base 6
1144534510
-697c96 (base 16) to base 7
-112522012
What is 356855 (base 12) in base 15?
12050b
-25ba4 (base 15) to base 11
-827a7
What is -3251010 (base 7) in base 3?
-202021012200
-45b658 (base 14) to base 11
-1382262
-4401404 (base 5) to base 9
-124167
-14005161 (base 7) to base 12
-525b76
-13210103312 (base 4) to base 5
-1001434414
-2120312103 (base 4) to base 6
-21230243
What is 3002251 (base 7) in base 5?
42310032
Convert 2011102 (base 4) to base 12.
4b2a
Convert 131203133 (base 4) to base 11.
82a50
75336 (base 8) to base 4
13223132
What is 10813476 (base 9) in base 15?
6decbc
What is 9ee4c (base 16) in base 7?
5350313
-215200 (base 9) to base 11
-88578
What is 1233133301 (base 4) in base 15?
904ae
Convert -3187462 (base 9) to base 13.
-47bc3a
What is -110231200 (base 4) in base 11?
-58810
1010110110101101 (base 2) to base 5
2410321
-21343412 (base 5) to base 8
-547650
Convert 1440111 (base 6) to base 2.
10100010000101011
-11222210110 (base 3) to base 14
-27b4d
Convert -b014a (base 12) to base 2.
-110111101111001010
-11112202022002 (base 3) to base 6
-123441432
-17c432b (base 13) to base 3
-112122011022021
342110142 (base 5) to base 9
2765226
Convert 2a836 (base 13) to base 12.
3a6b5
Convert 1651854 (base 9) to base 5.
213414331
Convert 1110101010001011101001 (base 2) to base 15.
50d913
a1acc (base 13) to base 8
1065601
22033340 (base 5) to base 7
1420325
-9a104 (base 11) to base 13
-51127
Convert 162611 (base 8) to base 6.
1132013
Convert cd38 (base 14) to base 12.
18686
What is -422350304 (base 6) in base 9?
-14831034
What is 117565 (base 11) in base 2?
101101010101010101
57257307 (base 8) to base 11
7007274
Convert -314a5d (base 14) to base 4.
-12112132023
-6e758 (base 15) to base 8
-1260622
Convert -511055 (base 9) to base 12.
-127135
-c2c7 (base 13) to base 15
-7e60
What is -521115 (base 7) in base 4?
-111302121
What is -10011010111111100 (base 2) in base 12?
-39b10
What is -2002101212 (base 3) in base 16?
-a09d
Convert -5335335 (base 8) to base 14.
-290dad
Convert -10001100112121 (base 3) to base 2.
-110001011101111100001
Convert 35503 (base 10) to base 6.
432211
What is -1153123 (base 6) in base 11?
-42320
What is 356033 (base 8) in base 7?
1015226
What is 1101011101001010 (base 2) in base 6?
1103054
Convert 110301022 (base 4) to base 3.
11022200121
Convert -3222022123 (base 4) to base 12.
-3a3077
Convert b1222 (base 12) to base 14.
5dc26
-100102212221101 (base 3) to base 4
-103020311212
-1587 (base 13) to base 4
-301101
What is 72b1b (base 15) in base 7?
3043064
Convert 3b469 (base 12) to base 14.
21ba1
What is -1075422 (base 8) in base 10?
-293650
-260700 (base 8) to b